 g?
8
Let q = -2208 - -2262. What is the greatest common divisor of 4 and q?
2
Let v be (-3 - 0)*((-1)/4)/(24/7584). What is the greatest common divisor of 3 and v?
3
Suppose 5*w - 32*z - 15 = -34*z, 5*w = -3*z + 10. Suppose -w*g = -t - 36, 15 = g + 4*t - 9. What is the greatest common divisor of g and 30?
2
Let r(n) = 153*n**2 - 6*n - 120. Let q be r(-5). Calculate the highest common divisor of 10 and q.
5
Let l = 357 + -347. Suppose -10*k = l*k - 2640. What is the greatest common divisor of k and 60?
12
Let z = -20 + 16. Let i be z/2 - 4/(-2). Suppose i = 7*l - 2 - 117. Calculate the highest common factor of l and 17.
17
Let r = -4819 + 4852. Let n be -18 + 1*(0 + -1). Let b be (n + -3)/((-2)/3). Calculate the highest common factor of b and r.
33
Suppose -29921 = -32*k - 4545. What is the highest common divisor of k and 183?
61
Let b be (5835/27)/5 - 2/9. What is the highest common divisor of 3483 and b?
43
Let c = 13902 + -4596. What is the highest common divisor of c and 36?
18
Let p(o) = 533*o**2 + 4*o + 108. Let a be p(-4). What is the highest common factor of a and 20?
20
Let r = 7 - 0. Suppose -9*l = 83 - 56. Let f be (l + 15/(-9))*30/(-4). What is the highest common divisor of r and f?
7
Let c = 815 - 721. What is the highest common factor of c and 2726?
94
Let i = 13 + -11. Let j be (372/(-15))/(i/5). Let t = j + 216. Calculate the greatest common factor of t and 14.
14
Let b(f) = 2*f**2 + 33*f - 798. Let j be b(26). Calculate the highest common factor of 8 and j.
4
Let a(p) = -p**3 - 26*p**2 + 24*p - 19. Let u be a(-27). What is the highest common divisor of u and 1798?
62
Let a(l) = -9*l - 13. Let j be a(-6). Let g = j - 37. Let d be (-3)/((-9 - 3)/g). Calculate the greatest common factor of d and 11.
1
Suppose -2*d = -3*y - 1751, -7*d - 2336 = 4*y - 11*d. Let q = y - -737. Calculate the highest common divisor of q and 66.
22
Suppose 0 = 75*d - 43 - 182. What is the highest common factor of d and 420?
3
Let n(x) = 127*x + 20. Suppose 11*w = 14*w - 3. Let u be n(w). What is the highest common divisor of u and 3?
3
Suppose 0 = 2*f - 626 + 234. Let o = f + -44. Let x = -11 + 19. What is the greatest common factor of x and o?
8
Suppose -33*d + 31*d = -5*u + 1223, 3*u - 732 = 3*d. What is the highest common factor of 49 and u?
49
Let t be -54*((-3)/5 - (-285)/225). Let l = t + 51. What is the greatest common factor of l and 165?
15
Let o be 169/3549*-27*1*-7. Let p = 2 + -1. Let f be (-790)/(-8) + p/4. Calculate the greatest common divisor of f and o.
9
Suppose 1096*c - 10720 = 1088*c. What is the greatest common factor of 12 and c?
4
Suppose 3 = 7*l - 4*l. Suppose 8 = 2*k, 2*y - k - 5 = -l. Let n be y/(-6)*(-3)/(-6)*-30. Calculate the highest common factor of 6 and n.
2
Suppose 0 = -8*n - 2*l + 8854, -2*l - 1423 = -n - 332. What is the highest common factor of 136 and n?
17
Suppose 13 = r + 8. Suppose 6 = -5*j + 8*j. Suppose -j*y = 0, 544 = z - r*y + 184. Calculate the highest common divisor of 45 and z.
45
Suppose 3*r - 12456 = -12*a, -32*r + 29*r - 2*a + 12446 = 0. What is the highest common factor of r and 488?
244
Let c = -393 - -614. Let n be 1/((-2)/(-4)*(-26)/c). Let o be n/(-3) - 2/(-6). Calculate the greatest common factor of o and 54.
6
Let l be ((-3)/7)/((-7)/49). Let a be -3 - (-3)/l - -74. Let y = -20 - -128. What is the greatest common factor of a and y?
36
Suppose -191*n = -204*n + 338. Calculate the greatest common divisor of n and 13.
13
Suppose -36 = -s + 36. Let g(o) = o**3 - 8*o**2 + 5*o + 12. Let q be g(6). Let a = q + s. What is the highest common divisor of a and 6?
6
Suppose 457*q - 9313 + 1087 = 0. What is the greatest common divisor of q and 10899?
9
Let w(s) = 3*s**3 - s**2 - 5. Let m be w(-5). Let z = m + 477. Calculate the highest common divisor of z and 90.
18
Suppose -287*x - 88425 + 345925 = -81*x. What is the greatest common factor of 150 and x?
50
Let y be 1 - -2 - (-7)/7. Suppose -2*t = -y - 4. Suppose 6*b = t*b + 4. What is the greatest common factor of b and 14?
2
Suppose 0 = -179*l + 135*l + 5852. Let n = -21 + 28. What is the greatest common factor of n and l?
7
Let d(z) = -z**2 - 8*z - 5. Let c be d(-6). Let k be 3*(1 + 2*c). Let t = 141815 + -141810. Calculate the highest common divisor of k and t.
5
Suppose -6*o + 106 = 88. Suppose -20 = 4*y, -o*y - 235 - 260 = -j. Calculate the greatest common factor of j and 16.
16
Let l be 1059531/2425 + 2/25. What is the highest common factor of 171 and l?
19
Let u be (-52 + 20 - -19) + 16. What is the greatest common divisor of 312 and u?
3
Let z(a) = 43*a - 214. Let o be z(7). Let n be (122/6 - 1)*6. Suppose -i = i - n. Calculate the greatest common factor of o and i.
29
Let i(t) = 2*t**2 - 20*t - 19. Let a be 2 + (4 - 9) + 21. Let r be i(a). Suppose -r - 91 = -5*w. What is the greatest common factor of 8 and w?
8
Suppose 65*a = 20*a - 58*a + 96614. Calculate the highest common divisor of a and 14.
14
Let b(i) = -10*i - 2. Let c be b(-21). Suppose 3*v - t - c = v, -3*v + 312 = t. What is the highest common divisor of v and 24?
8
Let i(m) = m**3 + 33*m**2 + 119*m - 66. Let q be i(-28). Calculate the greatest common divisor of 36 and q.
18
Let g(p) = p**3 - 4*p**2 + 3*p + 2. Let t be g(4). Suppose -8*h = -2*z - 94, -17*z - 16 = -3*h - 19*z. What is the highest common factor of t and h?
2
Suppose 0 = -13*c + 2*c. Suppose c = 3*d - 0*d + 246. Let a = -55 - d. What is the highest common divisor of 9 and a?
9
Let s = -21 - -33. Let p be 4/s*-26*162/4. Let u be (1/(-3)*4)/(26/p). Calculate the highest common factor of u and 12.
6
Suppose 28*m + u = 33*m - 1279, -3*m = u - 769. Calculate the highest common factor of 320 and m.
64
Let b be 45/(-39) + 1 + 22647174/1209. Calculate the greatest common factor of b and 84.
84
Let j = -2249 - -2299. What is the greatest common factor of j and 40?
10
Let v(w) = -123*w + 120. Let p be v(0). Calculate the greatest common divisor of p and 588.
12
Suppose 4*l - 672 = -0*l - 52*l. What is the greatest common factor of 13092 and l?
12
Let m = -1514 - -1653. Calculate the greatest common factor of 5977 and m.
139
Suppose 3*i = -7*i + 1640. Let u(t) = 9*t**2 + 64*t + 15. Let j be u(-7). Calculate the greatest common divisor of j and i.
4
Let b = 36 + -26. Let f(u) = 2*u - 8. Let x be f(b). Let k(n) = 100*n + 1148. Let h be k(-11). What is the highest common factor of h and x?
12
Let m(u) = u**2 - 4*u - 4. Let n be m(4). Let t = n + 26. Suppose -359*x + 363*x - 93 = -5*k, -49 = -2*x - 5*k. What is the highest common divisor of x and t?
22
Let b(y) = -55*y - 5263. Let a be b(-103). Calculate the highest common divisor of a and 54.
6
Let m be 0 + (-3 - 354/4)/(75/(-100)). Calculate the greatest common factor of m and 1281.
61
Suppose 27*x - 8324 = -29*x + 972. Calculate the greatest common factor of x and 1079.
83
Let m = -31036 + 31041. Let u(s) = s**3 - s**2 + 2. Let f be u(0). Suppose 7*t - 18 = 2*t - c, 4*t - 12 = -f*c. What is the highest common factor of t and m?
1
Let n(b) = -b**3 + 17*b**2 - 3*b + 99. Let z be n(17). Let o be (-20)/25*15/(-2). What is the highest common divisor of o and z?
6
Suppose 7*x = 473 - 172. Suppose 79 = 2*i + x. What is the greatest common factor of i and 306?
18
Suppose -5*v - 25 = 0, 0 = 5*n - v - 3*v - 460. Let d = n - 97. Let y be (-9)/(d/4) + -1. Calculate the greatest common divisor of 3 and y.
3
Suppose -8*v + 13*v - 170 = 0. Suppose 7*o + 378 = v*o. Calculate the highest common divisor of o and 434.
14
Let s be 856/107 + 1269 + -2. What is the highest common divisor of s and 102?
51
Let w = -2848 - -2939. Let d = -7 - -21. Calculate the greatest common divisor of w and d.
7
Suppose -5*h - 385 = -497*p + 492*p, -3*p + 223 = -5*h. Calculate the greatest common factor of 8208 and p.
27
Let c(r) = 7*r**3 - 8*r**2 + 33*r - 5. Let w be c(4). Suppose -18*s + w = -1281. What is the highest common divisor of 64 and s?
32
Let x = 69 + -64. Suppose -2*t - 2*s + 138 = 0, x*t - 268 = t + 4*s. Suppose -2*d = 2*j - t, -4*d + 146 = d - j. What is the greatest common factor of d and 40?
10
Suppose -2*z + 1827 = o, -5*o - z + 5190 = -3891. What is the greatest common factor of 120 and o?
15
Suppose -195 = 4*o + 3*m + 104, 0 = 3*o - 3*m + 219. Let a = o + 73. Let f be -4*(49/(-28) + a/2). Calculate the h